 Calculate the remainder when w(-4) is divided by 35.
28
Suppose -232 = b - 9*b. What is the remainder when 95 is divided by b?
8
Let d = 641 - 605. What is the remainder when 246 is divided by d?
30
What is the remainder when (-7 + -4)*-20 - -7 is divided by 76?
75
Let k(j) = 35*j**2 + 5*j - 3. Suppose 44 = 4*x - 8. Calculate the remainder when k(1) is divided by x.
11
Let k = 41 + 27. Suppose -5*z = -5*g + 90, 2*g + 4*z + 12 - 48 = 0. What is the remainder when k is divided by g?
14
Let a be (-3)/2*2 + 7. Let x be 4 - (0 - 8/a). Let r = x - 1. Calculate the remainder when r is divided by 2.
1
Let u be (-120)/18*6/(-5). Suppose u*o - 395 = 3*o. Let v(i) = 20*i**2 + 3*i - 3. What is the remainder when o is divided by v(1)?
19
Let r = 31 - 1. Suppose -g - 3 = -8. Suppose -j = -0*j + g*d - 11, 5*j - 55 = -2*d. What is the remainder when r is divided by j?
8
Calculate the remainder when 150 is divided by -3 - (-54)/3 - 1.
10
Suppose -30*j = -23*j - 14. Suppose j*w + 39 = 165. Calculate the remainder when w is divided by 11.
8
Suppose 4*u + 3*o = 682, 26*o + 332 = 2*u + 23*o. Calculate the remainder when u is divided by 23.
8
Let n = -592 + 612. What is the remainder when 119 is divided by n?
19
Suppose -8 = -0*t - 4*t. Suppose -t*b = -6*b + 16. What is the remainder when -3 + (b - -3) - 1 is divided by 3?
0
Let o = -2874 - -3063. Calculate the remainder when o is divided by 57.
18
Let p(n) = 6*n + 3. Let k(d) = -d. Let b(f) = 3*k(f) + p(f). Let x be b(-2). Let l = x - -9. Calculate the remainder when 10 is divided by l.
4
Suppose -515 = -8*r + 3*r + 5*j, -186 = -2*r - 2*j. What is the remainder when r is divided by 15?
8
Let n = -25 + 35. Suppose -3*x = -n*x + 21. Calculate the remainder when 10 is divided by x.
1
Suppose x + 2 = 2*x - 5*o, 0 = x + 3*o - 10. Let j = -12 + x. Let u(q) = q**2 + 2*q - 7. What is the remainder when 37 is divided by u(j)?
5
Let u = -1540 + 1558. What is the remainder when 305 is divided by u?
17
Suppose -3*k = 6*k - 135. Let c = 14 - k. What is the remainder when (c/(-4))/(4/112) is divided by 3?
1
Suppose 4*r - 15 = 9. What is the remainder when 1064/44 - r/33 is divided by 13?
11
Let g(d) = -d**2 - 11*d + 38. Calculate the remainder when g(-13) is divided by 3.
0
Suppose -4*u + 116 = -236. Suppose -12 = -z + 6. What is the remainder when u is divided by z?
16
What is the remainder when 6/4 + 367*(-6)/(-12) is divided by 64?
57
Calculate the remainder when 139 is divided by (30/8)/((-78)/(-728)).
34
Let t = 127 + -13. Calculate the remainder when t is divided by 31.
21
Let i = 80 - 58. Let l(r) = 1 + 2 - 10 - 3*r + 2*r**2 + 3*r**2. What is the remainder when l(-4) is divided by i?
19
Suppose -s = -2 - 13. Let g = 3619 + -3613. What is the remainder when s is divided by g?
3
Let g(j) = -j + 20. What is the remainder when 56 is divided by g(-3)?
10
Let x be (-2)/(6/(2 - 5)). Calculate the remainder when (274/4)/(x/2) is divided by (55/(-44))/(2/(-56)).
32
Suppose j - 55 - 15 = 0. Let r = 111 - j. Calculate the remainder when r is divided by 9.
5
Let a = 106 - 56. Suppose -5*f + 25 = -a. What is the remainder when 44 is divided by f?
14
Let p be 7/5*(98 - 3). Suppose -22 = -5*c + p. Suppose 3*o + 5*n + 16 = 4*o, 2*n = o - 16. What is the remainder when c is divided by o?
15
Suppose 113 + 859 = 4*p. What is the remainder when p is divided by 35?
33
Suppose -17*n + 5*a + 97 = -14*n, 4*a + 20 = 0. Calculate the remainder when 462 is divided by n.
6
Suppose -3*j + 268 = -4*x, -3*j + 6*j + 3*x = 261. Calculate the remainder when 260 is divided by j.
84
Calculate the remainder when 5/(-105)*6*-287 is divided by 24.
10
Suppose 0 = 5*x + 2*b - 1561, -1130 = -4*x + 5*b + 132. What is the remainder when x is divided by 15?
13
Let q = -109 - -186. Let f = q + -44. Calculate the remainder when f is divided by 6*3/((-15)/(-10)).
9
Suppose 0 = 4*p - 39*a + 36*a - 502, -720 = -6*p - a. Let y(d) = 5*d + 1. What is the remainder when p is divided by y(6)?
28
Suppose 66*x + 1349 - 4385 = 0. What is the remainder when x is divided by 38?
8
Suppose l - 5*l + 38 = 2*s, 4*l = s - 1. Let u be ((-1)/(-2))/(4/40). Suppose u*c = 4*f - 25 - 0, -3*c - 3 = 0. What is the remainder when s is divided by f?
3
Let v(u) = -1 - 6*u + 3 + 2*u**2 - 2*u**2 - u**2. What is the remainder when 11 is divided by v(-6)?
1
Let f(q) = q**3 + 11*q**2 + q + 8. Let g be f(-11). Let l be 0 + (-7 - g)*-2. Suppose l*m - 155 = 3*m. Calculate the remainder when m is divided by 11.
9
Suppose 64 = k + 3*n, 2*n - 25 = -15. Let b = 2 - -2. Suppose 59 = b*g - k. What is the remainder when 80 is divided by g?
26
Suppose -3*f = -43 + 34. Suppose -260 = -f*z - 248. Calculate the remainder when 7 is divided by z.
3
Suppose 0 = 455*k - 448*k - 938. What is the remainder when k is divided by 40?
14
Let x(f) = -47*f**3 + 3*f + 3. Calculate the remainder when x(-1) is divided by 19.
9
Suppose 5*p + 8 = 4*r, 5*r = -2*p + 10 - 0. Suppose d + 0*d - 1 = p, 2*d = -v + 70. What is the remainder when v is divided by 24?
20
Let s be -90 - 3 - (-3 - -3). Let w = -17 - s. Suppose -4*r = -0*r - w. What is the remainder when r is divided by 5?
4
Let u(d) = 26*d - 3. Let z be (-3)/(-5) - (-192)/30. Let r(f) = -53*f + 5. Let j(s) = z*u(s) + 4*r(s). What is the remainder when j(-4) is divided by 30?
29
Let q(s) = -s + 7. What is the remainder when q(-14) is divided by 4?
1
Let z = 2515 - 1587. Calculate the remainder when z is divided by 30.
28
Let j = -207 - -350. Let k be (-4)/26 - (-2)/13. Suppose k*n = 2*n - 72. What is the remainder when j is divided by n?
35
Let z = 135 - 87. Suppose -d = d - z. What is the remainder when d is divided by 9?
6
Let w(p) = 3*p**2 - 10*p. Let b = 27 + -14. Calculate the remainder when w(5) is divided by b.
12
Let v(f) = 7*f**3 - 2*f**2 + 12*f - 18. What is the remainder when v(2) is divided by 17?
3
Let z = 0 - -5. Suppose -3*a = -3, 4*n - z*a - 17 = -2*a. Calculate the remainder when n is divided by 3.
2
Suppose -807 = -35*m - 61*m + 6777. Let k = 55 - 33. What is the remainder when m is divided by k?
13
Let m(l) = l**2 + 11*l + 37. What is the remainder when 20 is divided by m(-5)?
6
Let i(k) = k**3 + k**2 - 7*k - 8. What is the remainder when i(-2) is divided by ((-12)/(-9))/(10/15)?
0
Let c(r) = r**3 - 23*r**2 - 48*r - 16. Calculate the remainder when 76 is divided by c(25).
8
What is the remainder when (-297)/((-126)/(-14))*-9 is divided by 10?
7
Let f(g) = 2*g - 12. Let t be f(7). Suppose 2*p - t*j - 228 = 0, 4*p - 2*p = -j + 231. What is the remainder when p is divided by 29?
28
Let v = 1333 - 1330. Calculate the remainder when 61 is divided by v.
1
Calculate the remainder when -3 - ((25/(-5))/5 + -166) is divided by 11.
10
Suppose -4*m + 46 = 2*q, 3*m - 2*q = -3 + 41. Suppose 3*i = -m, -h + 384 = 3*h - 4*i. Calculate the remainder when h is divided by 19.
16
Let h be 130 + -2 + 6/1. Let d = 199 - h. Calculate the remainder when d is divided by 22.
21
Let h = 161 + -131. Calculate the remainder when 599 is divided by h.
29
Let w = -118 - -130. What is the remainder when 51 is divided by w?
3
Suppose -j = 4*j - 275. Calculate the remainder when j is divided by 28.
27
Let n(j) = j**3 + 4*j**2 + j + 2. Let b be n(-3). Let o = -5 + b. What is the remainder when 14 is divided by o?
2
Suppose -5*v + 3*u + 2*u = -310, -5*v + 3*u + 308 = 0. What is the remainder when v is divided by 5?
1
What is the remainder when 96 is divided by (-48)/22 - 2/(-11) - -23?
12
Let m = -17 - -47. Let o be (-3 - 3)*(-14)/(-4). Let n = m + o. What is the remainder when 25 is divided by n?
7
Suppose 0 = q - 17 + 14. What is the remainder when 33 is divided by 10*1/6*q?
3
Suppose w - 26 = -j, -4*w + 2*j - 3 = -125. Calculate the remainder when 228 is divided by w.
25
Let b be 3*10/6*-1. What is the remainder when (-1 - (-52)/b)/(12/(-60)) is divided by 12?
9
Suppose -32*j = -55*j + 27*j - 96. Let l(b) = -b**3 - 7*b**2 - 7*b. What is the remainder when j is divided by l(-6)?
0
Let g be -1 - 14/(-1*2). Let d(f) = f**3 + 6*f**2 + 5*f + 6. Let p be d(-5). Calculate the remainder when -2*(3 - g)*p is divided by 13.
10
Let o = 52 - -32. Suppose 8 = 4*c - o. Suppose 2*f = -2*f + 4*l + 152, l - 177 = -4*f. What is the remainder when f is divided by c?
20
Let a(c) = c**3 - 2*c**2 - 17*c - 8. 